
Let y(v) = -26705*v - 427285. What is y(-16)?
-5
Let n(w) = -2*w**3 + 449*w**2 - 104*w + 74043. Calculate n(225).
18
Let v(q) = 3*q**2 - 48*q - 1495. Calculate v(-12).
-487
Let u(p) = -4524*p + 3231. What is u(1)?
-1293
Let i(c) = 36*c**2 + 220*c - 3291. Calculate i(7).
13
Let m(i) = -26*i**2 + 491*i - 103. Give m(14).
1675
Let c(q) = 1449*q - 23176. What is c(16)?
8
Let f(o) = o**3 + 97*o**2 - 735*o - 1047. What is f(-104)?
-319
Let k(v) = -212*v**3 + 428*v**2 - 3*v - 7. Calculate k(2).
3
Let f(o) = 14*o**2 + 1942*o - 372. Determine f(-139).
184
Let n(b) = 285*b - 794. Determine n(6).
916
Let b(g) = 6*g**3 - 37*g**2 - 13*g - 2. What is b(6)?
-116
Let u(l) = -l**3 - 324*l**2 + 4760*l + 9463. Give u(-338).
-1
Let z(t) = -31*t**3 + 4000*t**2 - 133*t + 418. Calculate z(129).
-98
Let z(f) = -2*f**2 + 133*f - 62. Calculate z(66).
4
Let p(l) = -1511*l + 112198. Give p(74).
384
Let o(s) = 11*s**3 - 64*s**2 - 105*s + 607. Determine o(6).
49
Let f(o) = 2845*o + 125506. Calculate f(-44).
326
Let h(k) = 4*k**2 + 35*k + 621. What is h(-15)?
996
Let m(w) = 66835*w - 601545. Give m(9).
-30
Let w(j) = j**2 + 1624*j - 132749. Give w(78).
7
Let p(l) = l**2 + 3865*l + 1792710. Give p(-539).
-4
Let s(u) = -10*u**2 + 1221*u + 10410. Give s(-8).
2
Let c(g) = g**3 + 10*g**2 + 18850*g + 207406. What is c(-11)?
-65
Let o(q) = 14778*q - 1034463. Determine o(70).
-3
Let p(v) = -246*v + 449. Determine p(-9).
2663
Let r(k) = 6462*k + 139912. Determine r(-21).
4210
Let z(b) = -b**3 - 76*b**2 + 379*b + 532. What is z(-80)?
-4188
Let i(u) = u**3 + 6*u**2 + 8553*u + 77209. What is i(-9)?
-11
Let j(l) = -2*l**2 - 168*l + 3745. Calculate j(-106).
-919
Let j(k) = -46170*k + 323279. Give j(7).
89
Let n(d) = -10*d**2 - 421*d + 137. Determine n(-42).
179
Let z(k) = -k**2 - 479*k - 57981. Calculate z(-262).
-1127
Let v(w) = 1060*w + 15428. Determine v(-13).
1648
Let z(s) = 34*s**3 - 4*s**2 - 2194*s - 4379. Give z(-2).
-279
Let m(t) = 15846*t - 64181. What is m(4)?
-797
Let i(c) = -c**3 - 22*c**2 + 34*c + 555. Determine i(-23).
302
Let g(q) = 3*q**3 + 162*q**2 + 163*q + 68. Give g(-53).
-144
Let f(i) = i**2 - 2285*i - 1176. What is f(0)?
-1176
Let b(z) = 2*z**3 - 16*z**2 + 134*z - 403. Determine b(4).
5
Let h(y) = -10071*y + 50417. What is h(5)?
62
Let f(h) = -10*h**3 - 21*h**2 - 122*h - 236. What is f(-2)?
4
Let u(p) = -2*p**3 + 162*p**2 + 14*p - 1255. Calculate u(81).
-121
Let r(j) = -219*j - 12818. What is r(-60)?
322
Let k(z) = 64355*z - 1094031. Give k(17).
4
Let j(a) = -a**3 - 24*a**2 - 641*a - 14219. Calculate j(-23).
-5
Let z(f) = 51579*f - 27285296. Determine z(529).
-5
Let v(o) = o**3 + 35*o**2 + 273*o + 159. Calculate v(-22).
445
Let x(k) = 8221*k + 1126285. Determine x(-137).
8
Let w(v) = -10*v**3 + 526*v**2 + 4440*v - 13. Give w(60).
-13
Let i(y) = y**3 - 82*y**2 + 11*y - 878. Determine i(82).
24
Let m(p) = 9*p**2 + 1059*p + 31138. Calculate m(-57).
16
Let o(t) = -72*t**3 + 227*t**2 + 457*t - 10. Determine o(-2).
560
Let i(y) = -2*y**3 + 20*y**2 + 846*y - 4482. Give i(5).
-2
Let v(l) = l**2 + 515*l - 34504. What is v(60)?
-4
Let y(m) = -43843*m + 87693. Give y(2).
7
Let h(f) = 4467*f - 26832. Calculate h(6).
-30
Let x(c) = -c**3 - 60*c**2 + 442*c + 49. Calculate x(7).
-140
Let b(a) = 3*a**2 + 32*a + 428. Give b(4).
604
Let r(h) = 137*h + 4380. Give r(-32).
-4
Let g(h) = 360*h**2 - 4697*h + 247. What is g(13)?
26
Let c(r) = -9990*r + 369651. What is c(37)?
21
Let n(s) = -131*s**2 - 1068*s - 171. Determine n(-8).
-11
Let u(s) = -2322*s + 65020. Give u(28).
4
Let b(u) = -18*u**2 + 431*u + 430. What is b(25)?
-45
Let r(j) = -107964*j + 70716423. Give r(655).
3
Let j(t) = t**2 - 266*t + 12574. Determine j(209).
661
Let c(z) = z**3 - 92*z**2 - 753*z + 16152. What is c(98)?
-18
Let k(w) = 31*w**2 + 14999*w - 2349. What is k(-484)?
71
Let g(f) = f**3 - 313*f**2 + 1069*f - 139016. Give g(311).
1
Let r(h) = h**3 - 39*h**2 + 283*h + 1937. Give r(23).
-18
Let u(b) = 2*b**3 + 4*b**2 + 135*b + 65. Calculate u(-11).
-3598
Let q(x) = 5*x**2 - 138*x + 1507. Give q(27).
1426
Let z(x) = 1663*x + 33807. Determine z(-20).
547
Let d(j) = 34177*j - 2084783. Determine d(61).
14
Let h(n) = 7710*n - 15288955. Determine h(1983).
-25
Let p(l) = -4*l**2 + 153*l + 3997. Determine p(-28).
-3423
Let u(f) = -175637*f + 1053832. Determine u(6).
10
Let k(a) = 2*a**3 + 889*a**2 + 12888*a + 18. Determine k(-15).
-27
Let n(s) = 106*s**2 - 5831*s - 2. Calculate n(55).
-57
Let a(r) = -3445*r + 37841. What is a(11)?
-54
Let o(z) = 1412*z + 9824. What is o(-7)?
-60
Let i(r) = 21621*r - 1470204. What is i(68)?
24
Let m(j) = 14*j**3 - 440*j**2 + 1021*j - 1020. Determine m(29).
-5
Let d(y) = 6128*y - 251295. Determine d(41).
-47
Let h(w) = w**3 - 115*w**2 + 78*w + 2264. Calculate h(114).
-1840
Let r(w) = 7156*w - 28634. Determine r(4).
-10
Let y(g) = -10*g**2 - 398*g + 44. Give y(-28).
3348
Let m(n) = 2*n**2 + 45*n - 771. Determine m(-31).
-244
Let f(y) = 43*y**3 - 292*y**2 + 4*y - 444. Give f(7).
25
Let f(j) = 16*j**2 + 2022*j - 25692. Determine f(-138).
-24
Let w(t) = t**3 - 23*t**2 + 56445*t + 226211. Give w(-4).
-1
Let t(k) = 8*k**3 - 567*k**2 - 1379*k + 130831. What is t(70)?
1
Let f(w) = -5803*w - 34763. Determine f(-6).
55
Let v(i) = -147*i**2 + 234*i + 4. What is v(1)?
91
Let o(j) = j**3 + 28*j**2 + 449*j + 50709. Determine o(-44).
-23
Let r(h) = -h**2 + 1137*h - 113910. What is r(1026)?
-24
Let m(j) = -2*j**3 - 56*j**2 + 224*j + 880. Calculate m(-33).
4378
Let j(l) = -83*l - 5195. Calculate j(-63).
34
Let w(b) = 2*b**3 - 9*b**2 - 82*b - 15. Give w(-4).
41
Let g(u) = 245*u**2 - 36497*u - 1190. Determine g(149).
2
Let k(z) = -921*z + 784. Calculate k(1).
-137
Let a(v) = 4302*v + 2533827. Determine a(-589).
-51
Let u(o) = 4704*o - 23498. Give u(5).
22
Let y(c) = -5*c**2 + 596*c + 792. Calculate y(121).
-297
Let d(i) = 22*i**2 + 312*i - 103. Determine d(-13).
-441
Let w(o) = 1038*o + 39753. What is w(-38)?
309
Let g(h) = 82894*h - 331477. Calculate g(4).
99
Let n(l) = -7593*l - 38096. Give n(-5).
-131
Let d(u) = 1057*u - 18828. What is d(18)?
198
Let c(r) = -r**3 + 29*r**2 - 97*r + 969. Calculate c(26).
475
Let d(n) = n**3 + 55*n**2 - 7077*n - 113. Calculate d(-116).
3
Let r(v) = v**3 + 55*v**2 + 422*v + 2066. Calculate r(-47).
-96
Let o(l) = -8*l**2 + 58*l - 20. Calculate o(-12).
-1868
Let u(s) = -13*s**3 + 1876*s**2 - 578*s + 305. Give u(144).
17
Let g(a) = -15149*a + 45748. Calculate g(3).
301
Let b(k) = k**3 + 14*k**2 - 3001*k - 74437. Determine b(-29).
-23
Let j(o) = -1627*o - 136659. What is j(-84)?
9
Let l(f) = f**3 + 16*f**2 - 272*f - 302. Determine l(-26).
10
Let o(v) = -58*v - 21174. What is o(-365)?
-4
Let j(v) = 364*v**2 + 2656*v + 4688. Calculate j(-3).
-4
Let n(d) = -d**3 - 106*d**2 + 1392*d - 2837. Calculate n(-118).
-5
Let z(m) = 99*m**2 - 134*m - 15852. Determine z(-12).
12
Let q(g) = 887*g + 339858. Give q(-383).
137
Let q(h) = -h**3 - 348*h**2 - 52*h + 221543. Determine q(-346).
103
Let g(z) = 47*z**2 + 1354*z - 155. Determine g(-29).
106
Let o(y) = -y**2 - 84497*y + 253506. Give o(3).
6
Let j(m) = 16041*m - 449181. Calculate j(28).
-33
Let j(f) = -11*f**2 - 4324*f - 33877. Calculate j(-8).
11
Let x(p) = -28684*p + 2180010. Determine x(76).
26
Let k(u) = -2367*u - 103700. Determine k(-44).
448
Let p(n) = 2*n**3 - 317*n**2 - 800*n - 874. Calculate p(161).
-69
Let l(w) = -3*w**2 + 2047*w - 128589. Calculate l(70).
1
Let j(o) = -2*o**3 - 931*o**2 - 13500*o + 228. Calculate j(-15).
3
Let o(s) = s**2 - 254*s + 11858. Calculate o(61).
85
Let w(r) = -600*r**2 + 5174*r - 15. Calculate w(9).
-2049
Let m(y) = 2*y**3 - 1890*y**2 - 1840*y - 49169. Determine m(946).
23
Let g(k) = -k**3 - 66*k**2 - 298*k - 35501. Calculate g(-69).
-656
Let y(o) = -209*o**2 + 5645*o + 21. Calculate y(27).
75
Let u(g) = -306*g**3 + 3*g**2 + 7*g + 4. Give u(-1).
306
Let t(z) = -4*z**2 - 1947*z - 17197. Calculate t(-9).
2
Let j(m) = m**2 - 370*m + 1029. Calculate j(0).
1029
Let o(l) = -l**3 - 49*l**2 - 8*l - 1693. Determine o(-49).
-1301
Let y(a) = 18*a**2 + 235*a - 243. What is y(1)?
10
Let g(c) = 2452*c - 53949. Give g(22).
-5
Let i(r) = 1239*r - 1488. Determine i(3).
2229
Let q(w) = -6*w**3 + 905*w**2 + 150*w + 176. Give q(151).
25
Let m(n) = 3*n**3 - 41*n**2 + 4*n + 1725. What is m(0)?
1725
Let u(z) = 4*z**2 - 5455